{"id":2374,"date":"2024-08-06T19:58:34","date_gmt":"2024-08-06T19:58:34","guid":{"rendered":"https:\/\/belsancosmetica.com\/?post_type=product&#038;p=2374"},"modified":"2024-10-07T19:25:11","modified_gmt":"2024-10-07T19:25:11","slug":"crema-pie-diabetico-130ml","status":"publish","type":"product","link":"https:\/\/belsancosmetica.com\/index.php\/product\/crema-pie-diabetico-130ml\/","title":{"rendered":"CREMA PIE DIAB\u00c9TICO 130ml"},"content":{"rendered":"<p><strong>Ingredientes Activos: <\/strong>Urea, Aloe vera, L-arginina, aceites esenciales<\/p>\n<p><strong>Modo de uso: <\/strong>Lavar los pies con agua tibia y jab\u00f3n neutro, secar sin frotar especialmente entre los dedos y aplicar la crema con movimientos suaves hasta que penetre, usar dos veces al d\u00eda.<\/p>\n<p><strong>Precauciones: <\/strong>Solo para uso externo. Mant\u00e9ngase fuera del alcance de los ni\u00f1os. Evite el contacto con los ojos. Si presenta hipersensibilidad a alguno de los componentes de la formula suspenda su uso y consulte a su m\u00e9dico. Deber\u00e1 evitarse la aplicaci\u00f3n en zonas con lesi\u00f3n expuesta. Mantenga el producto en un lugar fresco y seco.<\/p>\n<p><strong>Contenido neto<\/strong>: 130ml.<\/p>\n<ul>\n<li><strong>Producto \u00fatil en Lesiones leves provocadas por el Pie Diab\u00e9tico<\/strong><\/li>\n<li><strong>Coadyuvante en lesiones del pie y talones producidas por piel agrietada, reseca y con pie de atleta, as\u00ed como para zonas sensibles de agrietase como manos, codos y rodillas<\/strong><\/li>\n<li>Producto Libre de Qu\u00edmicos<\/li>\n<li><strong>Uso en Piel At\u00f3pica <\/strong><\/li>\n<li>Uso en Ni\u00f1os y Adultos<\/li>\n<li><strong>Auxiliar en el pie de atleta<\/strong><\/li>\n<li>Hipoalerg\u00e9nico (no provoca alergias)<\/li>\n<li>Libre de Parabenos<\/li>\n<li>No Probado en Animales<\/li>\n<\/ul>\n","protected":false},"excerpt":{"rendered":"<p>La crema para pie diab\u00e9tico Lenitive, es un excelente aliado contra las lesiones leves provocadas por las secuelas de la diabetes en pies, talones y zonas sensibles como manos, codos y rodillas, propensos a la resequedad, grietas e infeccione de la piel. Gracias a sus componentes ultra hidratantes y antis\u00e9pticos: Urea (20%), lanolina, Aloe vera, aceite del \u00e1rbol del t\u00e9 entre otros, esta crema de uso terap\u00e9utico te ayudar\u00e1 a mantener una piel saludable<\/p>\n<p><img fetchpriority=\"high\" decoding=\"async\" class=\"alignnone  wp-image-2280\" src=\"http:\/\/belsancosmetica.com\/wp-content\/uploads\/2023\/05\/Sellos-300x63.jpg\" alt=\"\" width=\"767\" height=\"161\" srcset=\"https:\/\/belsancosmetica.com\/wp-content\/uploads\/2023\/05\/Sellos-300x63.jpg 300w, https:\/\/belsancosmetica.com\/wp-content\/uploads\/2023\/05\/Sellos-768x161.jpg 768w, https:\/\/belsancosmetica.com\/wp-content\/uploads\/2023\/05\/Sellos-90x19.jpg 90w, https:\/\/belsancosmetica.com\/wp-content\/uploads\/2023\/05\/Sellos.jpg 800w\" sizes=\"(max-width: 767px) 100vw, 767px\" \/><\/p>\n<p><strong>DESCUENTOS:<\/strong><strong>15% a partir de 2,000 pesos &#8211; Usa el c\u00f3digo: <em>distribuidor15<\/em> en el checkout<\/strong><\/p>\n<p><strong>30% a partir de 6,000 pesos &#8211; Usa el c\u00f3digo: <em>distribuidor30<\/em> en el checkout<\/strong><\/p>\n<p><strong>40% a partir de 10,000 pesos &#8211; Usa el c\u00f3digo: <em>distribuidor40<\/em> en el checkout<\/strong><\/p>\n","protected":false},"featured_media":2145,"comment_status":"open","ping_status":"closed","template":"","meta":{"_themeisle_gutenberg_block_has_review":false},"product_cat":[92],"product_tag":[108,107,106,110,109],"class_list":{"0":"post-2374","1":"product","2":"type-product","3":"status-publish","4":"has-post-thumbnail","6":"product_cat-lenitive-terapeuticos","7":"product_tag-crema","8":"product_tag-diabetes","9":"product_tag-pie","10":"product_tag-pie-de-atleta","11":"product_tag-terapeutico","13":"first","14":"instock","15":"sale","16":"shipping-taxable","17":"purchasable","18":"product-type-simple"},"aioseo_notices":[],"_links":{"self":[{"href":"https:\/\/belsancosmetica.com\/index.php\/wp-json\/wp\/v2\/product\/2374","targetHints":{"allow":["GET"]}}],"collection":[{"href":"https:\/\/belsancosmetica.com\/index.php\/wp-json\/wp\/v2\/product"}],"about":[{"href":"https:\/\/belsancosmetica.com\/index.php\/wp-json\/wp\/v2\/types\/product"}],"replies":[{"embeddable":true,"href":"https:\/\/belsancosmetica.com\/index.php\/wp-json\/wp\/v2\/comments?post=2374"}],"wp:featuredmedia":[{"embeddable":true,"href":"https:\/\/belsancosmetica.com\/index.php\/wp-json\/wp\/v2\/media\/2145"}],"wp:attachment":[{"href":"https:\/\/belsancosmetica.com\/index.php\/wp-json\/wp\/v2\/media?parent=2374"}],"wp:term":[{"taxonomy":"product_cat","embeddable":true,"href":"https:\/\/belsancosmetica.com\/index.php\/wp-json\/wp\/v2\/product_cat?post=2374"},{"taxonomy":"product_tag","embeddable":true,"href":"https:\/\/belsancosmetica.com\/index.php\/wp-json\/wp\/v2\/product_tag?post=2374"}],"curies":[{"name":"wp","href":"https:\/\/api.w.org\/{rel}","templated":true}]}}