{"id":1742,"date":"2021-02-02T07:50:07","date_gmt":"2021-02-02T07:50:07","guid":{"rendered":"https:\/\/klbtheme.com\/cosmetsy\/?post_type=product&#038;p=1451"},"modified":"2025-06-20T12:37:52","modified_gmt":"2025-06-20T12:37:52","slug":"color-haze-multi-use","status":"publish","type":"product","link":"https:\/\/belsancosmetica.com\/index.php\/product\/color-haze-multi-use\/","title":{"rendered":"MASCARILLA ANTIOXIDANTE T\u00c9 VERDE Matcha pom.8oz (65g.)"},"content":{"rendered":"<div class=\"page\" title=\"Page 1\">\n<div class=\"section\">\n<div class=\"layoutArea\">\n<div class=\"column\">\n<p>Modo de uso: Ponga en un recipiente 2 cucharadas soperas de polvo (8g. aprox.) y agregue 3 a 4 cucharadas soperas de agua purificada helada (25g. aprox.), revuelva ra\u0301pidamente hasta integrar y aplique en la piel bien limpia, deje secar 20 a 30 min. Aprox. Quite la mascarilla a pedazos y los restos con algodo\u0301n y agua fri\u0301a. Esta mascarilla es ma\u0301s efectiva si previamente se hizo una leve exfoliacio\u0301n del cutis con el Exfoliante BEL SAN. Use la mascarilla 1 a 2 veces por semana.<\/p>\n<p>Precauciones: no poner cerca de pelo y cejas, podri\u0301a arrancarle vellosidad al tratar de despegar.<\/p>\n<\/div>\n<div class=\"page\" title=\"Page 1\">\n<div class=\"layoutArea\">\n<div class=\"column\">\n<ul>\n<li>HIDRATANTE<\/li>\n<li>ANTIOXIDANTE<\/li>\n<li>LIMPIA LOS POROS<\/li>\n<li>REFRESCANTE<\/li>\n<li>REAFIRMANTE<\/li>\n<li>MEJORA LA CIRCULACIO\u0301N<\/li>\n<li>DESINTOXICA<\/li>\n<li>OXIGENA LAS CE\u0301LULAS DE LA PIEL<\/li>\n<li>MEJORA LA PSORIASIS<\/li>\n<li>U\u0301TIL EN ROSACEA<\/li>\n<li>REMINERALIZANTE<\/li>\n<li>El te\u0301 verde tiene un efecto antiinflamatorio<\/li>\n<li>Si tu piel es muy sensible y tiene la tendencia de enrojecer, el te\u0301 verde puede ayudar a calmarla.<\/li>\n<\/ul>\n<\/div>\n<\/div>\n<\/div>\n<\/div>\n<\/div>\n<\/div>\n","protected":false},"excerpt":{"rendered":"<div class=\"page\" title=\"Page 1\">\n<div class=\"section\">\n<div class=\"layoutArea\">\n<div class=\"column\">\n<p><span style=\"font-weight: 400;\">La mascarilla de T\u00e9 verde org\u00e1nico Bel San, es una mascarilla rica en antioxidantes con la funci\u00f3n de desintoxicar y oxigenar tu piel. Contiene activos que limpian los poros a profundidad y mejoran el flujo de la circulaci\u00f3n a la vez que hidrata y refresca tu piel (sensaci\u00f3n que permanece a\u00fan varias horas despu\u00e9s de aplicada). No dejes pasar sus gratificantes beneficios.<\/span><\/p>\n<p><img fetchpriority=\"high\" decoding=\"async\" class=\"alignnone wp-image-2280 size-full\" src=\"http:\/\/belsancosmetica.com\/wp-content\/uploads\/2023\/05\/Sellos.jpg\" alt=\"\" width=\"800\" height=\"168\" srcset=\"https:\/\/belsancosmetica.com\/wp-content\/uploads\/2023\/05\/Sellos.jpg 800w, https:\/\/belsancosmetica.com\/wp-content\/uploads\/2023\/05\/Sellos-300x63.jpg 300w, https:\/\/belsancosmetica.com\/wp-content\/uploads\/2023\/05\/Sellos-768x161.jpg 768w, https:\/\/belsancosmetica.com\/wp-content\/uploads\/2023\/05\/Sellos-90x19.jpg 90w\" sizes=\"(max-width: 800px) 100vw, 800px\" \/><\/p>\n<div class=\"descuentos\">\n<p><strong>DESCUENTOS:<\/strong><strong>15% a partir de 2,000 pesos &#8211; Usa el c\u00f3digo: <em>distribuidor15<\/em> en el checkout<\/strong><\/p>\n<p><strong>30% a partir de 6,000 pesos &#8211; Usa el c\u00f3digo: <em>distribuidor30<\/em> en el checkout<\/strong><\/p>\n<p><strong>40% a partir de 10,000 pesos &#8211; Usa el c\u00f3digo: <em>distribuidor40<\/em> en el checkout<\/strong><\/p>\n<\/div>\n<\/div>\n<\/div>\n<\/div>\n<\/div>\n","protected":false},"featured_media":2157,"comment_status":"open","ping_status":"closed","template":"","meta":{"_themeisle_gutenberg_block_has_review":false},"product_cat":[94],"product_tag":[],"class_list":{"0":"post-1742","1":"product","2":"type-product","3":"status-publish","4":"has-post-thumbnail","6":"product_cat-belsan-belleza","8":"first","9":"instock","10":"downloadable","11":"shipping-taxable","12":"purchasable","13":"product-type-simple"},"aioseo_notices":[],"_links":{"self":[{"href":"https:\/\/belsancosmetica.com\/index.php\/wp-json\/wp\/v2\/product\/1742","targetHints":{"allow":["GET"]}}],"collection":[{"href":"https:\/\/belsancosmetica.com\/index.php\/wp-json\/wp\/v2\/product"}],"about":[{"href":"https:\/\/belsancosmetica.com\/index.php\/wp-json\/wp\/v2\/types\/product"}],"replies":[{"embeddable":true,"href":"https:\/\/belsancosmetica.com\/index.php\/wp-json\/wp\/v2\/comments?post=1742"}],"wp:featuredmedia":[{"embeddable":true,"href":"https:\/\/belsancosmetica.com\/index.php\/wp-json\/wp\/v2\/media\/2157"}],"wp:attachment":[{"href":"https:\/\/belsancosmetica.com\/index.php\/wp-json\/wp\/v2\/media?parent=1742"}],"wp:term":[{"taxonomy":"product_cat","embeddable":true,"href":"https:\/\/belsancosmetica.com\/index.php\/wp-json\/wp\/v2\/product_cat?post=1742"},{"taxonomy":"product_tag","embeddable":true,"href":"https:\/\/belsancosmetica.com\/index.php\/wp-json\/wp\/v2\/product_tag?post=1742"}],"curies":[{"name":"wp","href":"https:\/\/api.w.org\/{rel}","templated":true}]}}